 j/(-5). Let d = n + 28. What is the remainder when d is divided by 4?
3
Suppose -7*w = 1 - 645. Calculate the remainder when 102 is divided by w.
10
Suppose 0 = -g, 130*g + 116 = l + 115*g. Suppose -4*n - 3 = -87. What is the remainder when l is divided by n?
11
Suppose -g + 5*b + 51 = 0, 4*g - 46*b = -47*b + 120. Calculate the remainder when 209 is divided by g.
23
Let a = 68 - 58. Let j = 24 - a. Let l = j + 1. Calculate the remainder when 26 is divided by l.
11
Suppose -50*k + 51*k - 1760 = -5*t, t - 1748 = -k. What is the remainder when k is divided by 9?
8
Let r(z) = -3166*z - 50642. Let f = 87 - 40. What is the remainder when f is divided by r(-16)?
5
Let o = 7829 - 7669. What is the remainder when 654 is divided by o?
14
Suppose p + 4*b = -4, 1 = 4*p + 5*b - 5. Suppose y = -p*v + 87, -9*v = -6*v - 3. Let d = 45 + -28. Calculate the remainder when y is divided by d.
15
Calculate the remainder when 1 + 8 + 5887 + -146 is divided by 14.
10
Let u(x) = -2*x - 26. Let d be u(-13). Suppose v + 96 = -p - 4*v, d = -3*p - v - 274. Let g = 166 + p. Calculate the remainder when g is divided by 13.
10
Let j be (4/6)/(-2)*-12. Suppose 27 = j*c - i, -5 + 1 = -c + 3*i. Calculate the remainder when (-54)/(-3) - 2/(-1) is divided by c.
6
Let g(l) = 7*l**3 - 22*l**2 - 9*l - 169. Calculate the remainder when g(11) is divided by 3193.
1
Let y(m) = -m**3 - 9*m**2 + 72*m + 757. What is the remainder when 1503 is divided by y(-10)?
133
Let i = -37218 + 40056. What is the remainder when i is divided by 11?
0
Suppose 2*q = 16 - 12. Suppose q*d - 3*d + 14 = -3*b, -4*b - 47 = -3*d. Let t = d - 15. Calculate the remainder when 4 is divided by t.
0
Let i = -18475 + 18574. Calculate the remainder when i is divided by 64/2 + (-6)/(-3).
31
Let r(z) = -2*z**3 - 18*z**2 + 2*z + 23. Let d be r(-9). Suppose -3*f + 140 = -4*j, d*f - 4*f + 5*j = 15. What is the remainder when f is divided by 17?
6
Let h be ((-8)/10)/((-4)/10). Let s = 11177 - 11172. Suppose h*z + y - 101 = 0, -2*z - 17 + 112 = -s*y. Calculate the remainder when z is divided by 11.
6
Let j(u) = u**3 + 16*u**2 + 25*u - 38. Let d be j(-14). Suppose -4*w = -z - 136 + 68, 0 = -d*z. What is the remainder when 119 is divided by w?
0
Suppose -5*x - 2*k = -149, -57*x + 55*x = k - 59. Calculate the remainder when 699 is divided by x.
17
Let n = -6549 - -6698. Calculate the remainder when 454 is divided by n.
7
Let t(r) = -40*r - 3. Let v = -422 + 527. What is the remainder when v is divided by t(-1)?
31
Suppose 11*g - 4153 - 2273 = -10*g. What is the remainder when g is divided by 40?
26
Let p(n) = -15*n**2 + 10*n - 69. Let g be p(5). Let t = g - -440. What is the remainder when 177 is divided by t?
39
Suppose 5*l - 57 = -2*q, -2*l + 5*l + 96 = 5*q. Calculate the remainder when 328 is divided by q.
13
Suppose -1800*g + 172 = -1796*g. What is the remainder when 69 is divided by g?
26
What is the remainder when ((-1024)/(-12))/(82/123) is divided by 58?
12
Let m(l) = -27*l - 6. Let y be m(-3). Let d = y - 45. Let v(c) = 25*c**2 - 14*c - 12. What is the remainder when v(-2) is divided by d?
26
Suppose 0 = 4*q - 5*q + 149. What is the remainder when q is divided by 2/17 - 441/(-153) - -35?
35
Suppose n = -3*x + 24, x + 4*n - 22 + 14 = 0. Calculate the remainder when 20133 is divided by x.
5
Suppose 11*l = 14*l - 141. Suppose 5*z + 31552 = 141*z. What is the remainder when z is divided by l?
44
Calculate the remainder when 673 is divided by (((-7504)/196)/(6/7))/(4/(-6)).
3
Let q be (3 + -6)*151/(-3). Suppose 0 = -12*l + q + 65. What is the remainder when (4 + (-56)/12)*l/(-4) is divided by 3?
0
Suppose -3*d - 31 = -2*l, 8*d - 4*d = -3*l - 64. Let o(i) = 2*i**3 + 26*i**2 - 2*i + 14. Calculate the remainder when 156 is divided by o(d).
36
Suppose -2809*z - 42 = -2811*z. What is the remainder when 142 is divided by z?
16
Let x(a) = a**2 - 44*a + 226. What is the remainder when x(46) is divided by 36?
30
Let g be ((-28)/12 - -3)*-6. Let u(k) = -k**2 - 4*k - 3. Let d be u(g). Calculate the remainder when 34 is divided by d/((6/(-10))/((-77)/(-55))).
6
Let p(x) = 8*x**2 + 112*x - 9. What is the remainder when p(-16) is divided by 68?
43
Let a = 2571 + -1834. Suppose 5*y + 507 = a. What is the remainder when 319 is divided by y?
43
What is the remainder when 1 + 0 + 1083 + 3 + 9 + -21 is divided by 13?
9
Suppose 3353*s - 3347*s - 9576 = 0. What is the remainder when s is divided by 24?
12
Let k(l) = 9*l**2 + 0 + 1 - 24*l**2 - 2*l + 17*l**2. What is the remainder when (-8)/(-12)*-3 + 38 is divided by k(-2)?
10
Suppose 0 = 7*h - 266 - 35. Calculate the remainder when 1273 is divided by 172/h + 25*1.
26
Suppose 0 = 4*l + 3*q - 887, -l + 8 = q - 213. Suppose 2*y - 4*h - 272 = 0, -293 - l = -4*y - h. Calculate the remainder when y is divided by 66.
64
Suppose 96*x - 9785 = x. What is the remainder when 159 is divided by x?
56
Let k(a) = 20*a**2 + 18*a - 47. What is the remainder when 265 is divided by k(2)?
58
Let k(i) = 8*i - 12. Let n be k(6). Let c = -11 + n. Calculate the remainder when (((-216)/(-30))/9)/(2/185) is divided by c.
24
Let f(t) = -16*t**2 + 176*t - 46. What is the remainder when f(10) is divided by 49?
16
Let y = 115629 - 115372. Suppose 3*r - 264 = 2*g, 5*r - 3*g = 6 + 433. Calculate the remainder when y is divided by r.
85
Let n = 262 - 312. Calculate the remainder when 577 is divided by 6 + -6 + 8 - n.
55
Let a = -4 + 7. Let l(h) = -2*h**2 - 36*h - 9. Let o be l(-16). Calculate the remainder when -2*(-5)/50*o is divided by a.
2
Let z(r) = r**2 + 16*r - 5. Let y be z(-17). Calculate the remainder when 20 is divided by 2/y*-4 + (-78)/(-9).
4
Let g = -157 - -168. Suppose -d + 8 = d, 0 = -u + 2*d + g. What is the remainder when 187 is divided by u?
16
Let c = -19 - -27. Suppose -2434 = -207*n + 6674. What is the remainder when n is divided by c?
4
Let h(m) be the second derivative of -m**3/6 + 21*m**2/2 - 8*m. What is the remainder when 58 is divided by h(-10)?
27
Suppose 3*w + 2*z = 58, 0 = 3*w - z - 20 - 50. What is the remainder when 2/13 - (-713)/13 is divided by w?
11
Let y be 0 + -5 + 2/(-2). Let z = y - -7. What is the remainder when z is divided by 6/15*(-3 + 11/2)?
0
Suppose 21*h + 23*h + 24*h - 65*h - 75 = 0. What is the remainder when (-2)/((-43)/41 + 1) is divided by h?
16
Let s(m) = m**3 + 19*m**2 - 88. What is the remainder when s(-14) is divided by 236?
184
Suppose 3*c - 4*w + 99 = 203, 2*c + 2*w = 74. Calculate the remainder when 568 is divided by c.
28
Suppose g - j - 53 = -2*g, 8 = 2*j. What is the remainder when 4/(-24) + (-12103)/(-114) is divided by g?
11
Let o(p) = -2*p + 13. Let x be o(5). Suppose 5*s - 149 = u, s - 4*u = -x*s + 116. What is the remainder when s is divided by 11?
8
Let i(n) = n**2 - 5*n + 10. What is the remainder when -5 + 1 + (26 - 15 - -20) is divided by i(6)?
11
Let f = 3244 - 3212. What is the remainder when 3261 is divided by f?
29
Suppose 336 = 4*h - 3*m + 4*m, -3*h - 5*m + 269 = 0. Suppose 5*o + g = 355, g = 5*o + 42 - 377. Calculate the remainder when h is divided by o.
14
Suppose 0 = 2*u - 62 + 24. What is the remainder when u is divided by 18 + -8 + 0/2?
9
Suppose 3*a + 3*p = -31 + 130, -5*p = -3*a + 59. Calculate the remainder when 451 is divided by a.
3
Let a(v) = 3*v**2 + 21*v - 122. What is the remainder when a(22) is divided by 39?
37
Suppose -129 = -7*o + 144. Let z = o + -41. Let x(t) = 9*t**2 + 3. What is the remainder when x(z) is divided by 10?
9
Let y be 3/(-6) - 1/(-2). Suppose y = -3*t - t + 72. Let w = -1 + t. What is the remainder when w is divided by 10?
7
Let c = 190 + -184. What is the remainder when 45/27 - (-446)/c is divided by 21?
13
Let l(w) = -w**3 - 4*w**2 + 10*w + 27. Let x = -39 + 32. Let h = x - -22. What is the remainder when h is divided by l(-5)?
1
Let l be (9 - 4) + -2 - (0 - 8). Suppose -12*p = -l*p - 60. Suppose m - 6*m + 105 = 0. Calculate the remainder when p is divided by m.
18
Suppose -19 = -3*o + 2. Let d(q) = -q**2 + q + 11. Let f(m) = -m**2 + 2*m + 24. Let w be f(-4). Calculate the remainder when d(w) is divided by o.
4
Let t(a) = a**3 - 51*a**2 - 281*a + 71. What is the remainder when 972 is divided by t(56)?
12
Suppose 5*h = 2*o + 238, -3*h + 13*o + 139 = 8*o. What is the remainder when 815 is divided by h?
47
Let z = 